19, 401
List the prime factors of 6343.
6343
What are the prime factors of 5645?
5, 1129
What are the prime factors of 4127?
4127
List the prime factors of 498.
2, 3, 83
List the prime factors of 2312.
2, 17
List the prime factors of 4075.
5, 163
What are the prime factors of 751?
751
What are the prime factors of 36360?
2, 3, 5, 101
List the prime factors of 16.
2
List the prime factors of 40508.
2, 13, 19, 41
What are the prime factors of 3997?
7, 571
What are the prime factors of 2090?
2, 5, 11, 19
List the prime factors of 914.
2, 457
List the prime factors of 6185.
5, 1237
What are the prime factors of 53591?
53591
List the prime factors of 2416.
2, 151
List the prime factors of 4755.
3, 5, 317
List the prime factors of 18404.
2, 43, 107
What are the prime factors of 8151?
3, 11, 13, 19
What are the prime factors of 5416?
2, 677
What are the prime factors of 1310?
2, 5, 131
List the prime factors of 467.
467
What are the prime factors of 46228?
2, 7, 13, 127
List the prime factors of 4295.
5, 859
What are the prime factors of 18017?
43, 419
List the prime factors of 2074.
2, 17, 61
What are the prime factors of 1587?
3, 23
What are the prime factors of 88067?
7, 23, 547
List the prime factors of 1152.
2, 3
What are the prime factors of 20106?
2, 3, 1117
What are the prime factors of 22492?
2, 5623
List the prime factors of 2981.
11, 271
List the prime factors of 950.
2, 5, 19
List the prime factors of 821.
821
List the prime factors of 11954.
2, 43, 139
List the prime factors of 107911.
31, 59
List the prime factors of 263.
263
List the prime factors of 2558.
2, 1279
What are the prime factors of 22648?
2, 19, 149
What are the prime factors of 6226?
2, 11, 283
What are the prime factors of 44?
2, 11
List the prime factors of 2253.
3, 751
List the prime factors of 3456.
2, 3
What are the prime factors of 1356?
2, 3, 113
List the prime factors of 9108.
2, 3, 11, 23
What are the prime factors of 3901?
47, 83
What are the prime factors of 1571?
1571
List the prime factors of 2066.
2, 1033
What are the prime factors of 1535?
5, 307
List the prime factors of 9509.
37, 257
What are the prime factors of 39784?
2, 4973
List the prime factors of 379.
379
What are the prime factors of 62327?
62327
List the prime factors of 2637.
3, 293
List the prime factors of 1012.
2, 11, 23
List the prime factors of 2133.
3, 79
What are the prime factors of 14531?
11, 1321
List the prime factors of 6016.
2, 47
What are the prime factors of 400?
2, 5
List the prime factors of 37819.
59, 641
List the prime factors of 767.
13, 59
List the prime factors of 3478.
2, 37, 47
What are the prime factors of 11769?
3, 3923
What are the prime factors of 25429?
59, 431
What are the prime factors of 2135?
5, 7, 61
List the prime factors of 8814.
2, 3, 13, 113
List the prime factors of 1428.
2, 3, 7, 17
List the prime factors of 64094.
2, 73, 439
What are the prime factors of 11976?
2, 3, 499
List the prime factors of 1419.
3, 11, 43
List the prime factors of 16875.
3, 5
What are the prime factors of 8805?
3, 5, 587
List the prime factors of 12897.
3, 1433
What are the prime factors of 7071?
3, 2357
List the prime factors of 7378.
2, 7, 17, 31
List the prime factors of 23130.
2, 3, 5, 257
What are the prime factors of 38976?
2, 3, 7, 29
What are the prime factors of 1147?
31, 37
What are the prime factors of 19699?
19699
What are the prime factors of 2685?
3, 5, 179
What are the prime factors of 93?
3, 31
List the prime factors of 5841.
3, 11, 59
List the prime factors of 2801.
2801
What are the prime factors of 25389?
3, 7, 13, 31
List the prime factors of 200.
2, 5
List the prime factors of 767.
13, 59
What are the prime factors of 2258?
2, 1129
List the prime factors of 149720.
2, 5, 19, 197
What are the prime factors of 97500?
2, 3, 5, 13
What are the prime factors of 1152?
2, 3
List the prime factors of 7603.
7603
List the prime factors of 51.
3, 17
List the prime factors of 548.
2, 137
List the prime factors of 1202.
2, 601
What are the prime factors of 5081?
5081
What are the prime factors of 1832?
2, 229
What are the prime factors of 71799?
3, 7, 13, 263
What are the prime factors of 55499?
19, 23, 127
List the prime factors of 87574.
2, 43787
What are the prime factors of 26355?
3, 5, 7, 251
What are the prime factors of 3811?
37, 103
List the prime factors of 409.
409
List the prime factors of 71161.
71161
List the prime factors of 112233.
3, 11, 19, 179
List the prime factors of 2114.
2, 7, 151
What are the prime factors of 11052?
2, 3, 307
What are the prime factors of 2962?
2, 1481
List the prime factors of 9260.
2, 5, 463
List the prime factors of 1338.
2, 3, 223
What are the prime factors of 8467?
8467
List the prime factors of 929.
929
What are the prime factors of 56847?
3, 7, 2707
List the prime factors of 1738.
2, 11, 79
What are the prime factors of 906?
2, 3, 151
List the prime factors of 981.
3, 109
List the prime factors of 709.
709
List the prime factors of 5326.
2, 2663
List the prime factors of 1165.
5, 233
List the prime factors of 5971.
7, 853
What are the prime factors of 9552?
2, 3, 199
What are the prime factors of 11429?
11, 1039
What are the prime factors of 448?
2, 7
What are the prime factors of 626?
2, 313
What are the prime factors of 741?
3, 13, 19
What are the prime factors of 1289?
1289
List the prime factors of 2511.
3, 31
What are the prime factors of 204?
2, 3, 17
What are the prime factors of 11900?
2, 5, 7, 17
List the prime factors of 9573.
3, 3191
What are the prime factors of 1361?
1361
What are the prime factors of 71210?
2, 5, 7121
List the prime factors of 9173.
9173
What are the prime factors of 123956?
2, 7, 19, 233
What are the prime factors of 1332?
2, 3, 37
What are the prime factors of 2197?
13
What are the prime factors of 1128?
2, 3, 47
What are the prime factors of 24101?
7, 11, 313
List the prime factors of 71202.
2, 3, 11867
What are the prime factors of 87703?
7, 11, 17, 67
List the prime factors of 81046.
2, 7, 827
What are the prime factors of 89275?
5, 3571
What are the prime factors of 14792?
2, 43
List the prime factors of 309.
3, 103
List the prime factors of 71511.
3, 11, 197
List the prime factors of 44899.
59, 761
What are the prime factors of 588?
2, 3, 7
List the prime factors of 13858.
2, 13, 41
What are the prime factors of 15768?
2, 3, 73
List the prime factors of 35421.
3, 11807
List the prime factors of 31199.
7, 4457
What are the prime factors of 18698?
2, 9349
List the prime factors of 6286.
2, 7, 449
List the prime factors of 2342.
2, 1171
What are the prime factors of 6450?
2, 3, 5, 43
List the prime factors of 3819.
3, 19, 67
What are the prime factors of 4974?
2, 3, 829
What are the prime factors of 9?
3
What are the prime factors of 15142?
2, 67, 113
List the prime factors of 1602.
2, 3, 89
What are the prime factors of 4466?
2, 7, 11, 29
What are the prime factors of 4600?
2, 5, 23
What are the prime factors of 9?
3
List the prime factors of 2196.
2, 3, 61
List the prime factors of 1590.
2, 3, 5, 53
List the prime factors of 2898.
2, 3, 7, 23
List the prime factors of 2318.
2, 19, 61
What are the prime factors of 52967?
52967
List the prime factors of 6697.
37, 181
What are the prime factors of 60216?
2, 3, 13, 193
List the prime factors of 901.
17, 53
What are the prime factors of 4143?
3, 1381
List the prime factors of 1153.
1153
List the prime factors of 1410.
2, 3, 5, 47
List the prime factors of 6501.
3, 11, 197
What are the prime factors of 9326?
2, 4663
What are the prime factors of 1619?
1619
List the prime factors of 1343.
17, 79
List the prime factors of 3154.
2, 19, 83
What are the prime factors of 3006?
2, 3, 167
List the prime factors of 4901.
13, 29
What are the prime factors of 758?
2, 379
What are the prime factors of 2618?
2, 7, 11, 17
List the prime factors of 1409.
1409
List the prime factors of 59157.
3, 7, 313
List the prime factors of 768.
2, 3
What are the prime factors of 60302?
2, 11, 2741
What are the prime factors of 15224?
2, 11, 173
What are the prime factors of 919?
919
List the prime factors of 317.
317
List the prime factors of 1491.
3, 7, 71
List the prime factors of 29370.
2, 3, 5, 11, 89
List the prime factors of 24192.
2, 3, 7
What are the prime factor